 divided by z?
5
Suppose -4*c + 2305 = 3*i - 891, 0 = -5*c + 3*i + 4049. Calculate the remainder when 2433 is divided by c.
18
Suppose -210*i - 77*i + 158 = -8452. Calculate the remainder when 559 is divided by i.
19
Suppose 5 = -5*j + 20, -18 = -o - 2*j. Calculate the remainder when 18/(-2) - 84*(-24)/48 is divided by o.
9
Suppose 0 = -b + 3*z + 43, -44*z + 45*z + 177 = 3*b. Calculate the remainder when 4876 is divided by b.
57
Suppose 0 = 484*h - 483*h - 13. Suppose h*n - 89 = -11. What is the remainder when 165 is divided by n?
3
Suppose 7*b - 112 - 252 = 0. Suppose 5*p + 3*m - 338 = 0, -49*p - 197 = -b*p + 4*m. What is the remainder when p is divided by 49?
18
Suppose 119*p - 192*p + 60006 = 0. What is the remainder when 1652 is divided by p?
8
Let v(b) = -3*b - 43. Let g be v(-15). Suppose g*y + 160 = 6*y. Suppose -y = -4*h - 0*h. What is the remainder when h is divided by 4?
2
Let k be (12 + 2 + 0)*-4. Let j be 24/k - 34/(-14). Suppose 6*q - 60 = j*q. What is the remainder when 56 is divided by q?
11
Let j = 419 - 417. Let v be (-6)/21 - 4/(-14). Suppose -f - 78 = -j*y, -y - 3*f + 4*f + 37 = v. Calculate the remainder when y is divided by 14.
13
Let l = -293 + 527. Suppose 0 = 10*a - 176 - l. What is the remainder when a is divided by (3 - (2 - 0)) + 6?
6
Let u = -22 + 34. Calculate the remainder when 366/61*202/u is divided by 75.
26
Suppose 4*l - 34 = 38. Suppose 4*w - 2*w - l = 0. Let y(v) = v**3 - v**2 - 64*v + 87. What is the remainder when y(-8) is divided by w?
5
Let u(c) = 64*c + 40 + 55*c - 185*c + 63*c. Calculate the remainder when 180 is divided by u(-2).
42
Let u = -249 + 135. Let i = u + 148. What is the remainder when i is divided by 18?
16
Suppose g + 26 = 3*g. Calculate the remainder when 4*7 + ((-1111)/101 - 22/(-2)) is divided by g.
2
Let d(s) = 322*s - 12866. Calculate the remainder when 17371 is divided by d(40).
11
Let t = 164 + -151. Suppose 4*v + 6*v = 70. Calculate the remainder when t is divided by v.
6
Let h = -2812 - -3528. What is the remainder when h is divided by 182?
170
Let z = -9070 + 11982. Calculate the remainder when z is divided by 54.
50
Let g(p) = -5*p**2 + 2*p - 3. Let r be g(2). Let y(x) = -x - 5. Let b be y(r). Suppose 22*w = b*w + 592. What is the remainder when w is divided by 19?
17
Suppose 0 = -h - 3*h + 100. Let g be ((-536880)/130)/12 + 2/13. Let m = g - -391. Calculate the remainder when m is divided by h.
22
Let i(w) = -w**3 - 2*w**2 - 4*w - 2. Let z be i(-2). Let t = 17 - -10. Suppose -c + t = -m, 3*m = c - z*c + 95. What is the remainder when 64 is divided by c?
20
Let v be ((-36)/22 - -2)/(32/176). Suppose v = -t, t - 403 = -3*r - 162. Calculate the remainder when r is divided by 28.
25
Calculate the remainder when ((-4720)/(-64))/((5/30)/((-4)/(-6))) is divided by 27.
25
Let w(n) = -n**3 + 3*n + 48 + 15*n**2 - 15 - 19*n. Let r be w(14). Suppose -l + r*l - 5*q = 76, 3*l - 26 = -4*q. Calculate the remainder when l is divided by 3.
2
Suppose -4*u + 4164 = 4*o, -130*o + 18 = -128*o. Calculate the remainder when u is divided by 17.
12
Let n = -4 + 23. Suppose n = 3*c + 10. Suppose -c*i + 6*i = 15. What is the remainder when 13 is divided by i?
3
Suppose -7*k + 8*k - 240 = 0. Suppose 0 = 4*u - k + 28. Let a = 32 - 21. Calculate the remainder when u is divided by a.
9
Let j(a) = a**3 - 99*a**2 + 204*a - 916. Let o(v) = 3*v**2 - 6*v - 1. Let x = -18 + 13. What is the remainder when o(x) is divided by j(97)?
50
Suppose 140 = 5*d + 120. Suppose -4*l = -2*r - r + 25, -d*l = 4*r - 52. Calculate the remainder when 39/2*(-8)/(-3) is divided by r.
8
Let f = -65 - -67. Let p(a) = 115*a**2 - 212*a**2 + 133*a**f + 2 + 7*a - 8. What is the remainder when p(1) is divided by 19?
18
Let y = 4450 + -4401. What is the remainder when y is divided by 22?
5
Let q be (-4)/(-14) + (4 - (-69)/(-21)). Suppose o - q = -2. What is the remainder when 13 is divided by (-20 - -26) + (-1 - -1 - o)?
6
Let b(s) = -10*s + 4. Suppose 0 = g - 0*g + 3*l - 2, -3*l = 2*g + 8. Let c be b(g). Suppose c = 5*y - 141. Calculate the remainder when 194 is divided by y.
47
Suppose 0 = -21*b + 28*b - 21. Suppose 0 = -t - 3*u + 2*u + 1, -1 = -2*t - b*u. Calculate the remainder when 18 is divided by t.
0
Let l be (2 + -9)/(-49) + (-36)/7. Let m = 83 + l. Suppose -58 = -5*j + 42. What is the remainder when m is divided by j?
18
Let w(f) = -f + 5. Let d(z) = 3*z + 40. Let g(i) = -10*i - 120. Let b(k) = 7*d(k) + 2*g(k). What is the remainder when b(-17) is divided by w(-6)?
1
Let g(h) = 16*h + 7. Let t be g(16). Let l = -185 + t. Suppose -105 = 16*y - 21*y. What is the remainder when l is divided by y?
15
Let a = 1780 + -903. What is the remainder when a is divided by (-8)/(-68) + 1492/34?
41
Let c be 1 + (0 - -1) + (-7 - -2). Calculate the remainder when 93 is divided by 5/(372/114 + c).
17
What is the remainder when 776 is divided by 6664/112 - (-4)/8?
56
Suppose 37*z - 36976 - 37468 = 0. What is the remainder when z is divided by 28?
24
Let i(p) = p**3 + 28*p**2 + 33*p + 4. Let w be i(-22). Suppose -w - 554 = -3*t. Suppose -13*x = -7*x - t. What is the remainder when x is divided by 22?
20
Let m be 2 + 1 + 6/6. Suppose 2*u = 4*c - 2*u - 312, -m*c + 2*u = -304. What is the remainder when c is divided by -40*((-6)/4 - -1)?
14
Suppose -12*q + 284 = -11*q. Let d = 621 - q. What is the remainder when d is divided by 68?
65
Let y = -2431 - -4652. What is the remainder when y is divided by 16?
13
Let v(o) = o**3 + 24*o**2 - 7*o - 422. What is the remainder when v(-23) is divided by 129?
10
Let a = 13263 - 13244. Calculate the remainder when 3527 is divided by a.
12
Let k = -1722 - -1763. Calculate the remainder when 6557 is divided by k.
38
Let z(c) be the second derivative of c**4/12 + 2*c**3 + 23*c. Let i be z(-15). Suppose -i*h = -43*h - 74. What is the remainder when h is divided by 13?
11
Suppose -34*w + 117*w - 127008 = -61*w. What is the remainder when w is divided by 59?
56
Let y = -19 + 220. What is the remainder when y is divided by (-12 + 32)/(-10) + (-2 - -33)?
27
Let f = 61 + -59. Let j(q) = -3*q**2 + 6*q**2 - 8*q - f*q**2 + 0*q + 18. Calculate the remainder when 37 is divided by j(7).
4
Suppose 2*b + 7 = -k, -6*k + 5*k + 23 = -3*b. Let u(j) = -j**2 - 18*j - 53. What is the remainder when u(b) is divided by 16?
3
Suppose 0 = 4*v - 2*s + 414, v + 105 = -2*s + s. Let t = v + 104. Suppose t*o = 5*o - 540. What is the remainder when o is divided by 37?
34
Suppose -2*f - 56 = 4*v, 3*f - 3*v + 8*v = -88. Let h be (-5)/(6/(f/15)). Calculate the remainder when 39 is divided by (-154)/(-44)*-3*(-4)/h.
18
Let t = 43 - 20. Let r = t + 5. Suppose u - r = -3*j - 2*j, -4*u + 7 = -j. What is the remainder when 18 is divided by j?
3
Let z = -17 + 36. Suppose -5*k - 4*i + 10758 = 0, -6*k + 6440 = -3*k - 5*i. Suppose 60*g - k = 1090. What is the remainder when g is divided by z?
16
Suppose 15 + 3 = z. Let m = z - 79. Let y = -51 - m. What is the remainder when 37 is divided by y?
7
Suppose 704 = 3*v - 5*p, 3*p = 4*v - 10334 + 9366. Calculate the remainder when 1533 is divided by v.
45
Let q(z) = z**2 + 14*z - 16. Let m be q(-15). Let t be (-19 + 21)*(m + -6). Let r = -7 - t. What is the remainder when 47 is divided by r?
5
Let q be (2/6)/(-2 + 1612/804). Suppose q = 3*x - 20. Calculate the remainder when 115 is divided by x.
28
Suppose 165*a - 6970 = -700. Calculate the remainder when 3609 is divided by a.
37
Let n = 386 - 583. Let q = n + 210. Let k = 146 + -69. Calculate the remainder when k is divided by q.
12
Let g(w) = 3*w**3 - 12*w**2 + 22*w + 30. What is the remainder when g(4) is divided by 40?
38
Calculate the remainder when 1699 is divided by (296/(-6))/((-22)/6 + 3).
71
Suppose -9*b + 8*b = -a + 372, -5*b = 5. What is the remainder when a is divided by 57?
29
Let h = -5771 + 7147. Calculate the remainder when h is divided by 455.
11
Suppose -1683*y + 2038*y = 42600. Let s = -13 - -58. Calculate the remainder when y is divided by s.
30
Suppose -15 = 5*h, -8*h + 4*h = f + 7. Suppose -371*b = -366*b - f. What is the remainder when 21 is divided by b?
0
Suppose 381*v - 796*v + 1281 = -354*v. Suppose 4 - 2 = 2*b. Suppose -h = b - 7. What is the remainder when v is divided by h?
3
Let i = -1540 - -2058. Calculate the remainder when 526 is di